 0. Let x = -43 + 94. Calculate the remainder when (0 - (-49)/3) + 34/x is divided by c.
5
What is the remainder when 34 is divided by (50 - 66)/((-1 + -1)/1)?
2
Let z(l) = 41*l + 64. What is the remainder when z(3) is divided by 38?
35
Let j = 0 - -22. Let d(l) = -5*l - 68. What is the remainder when d(-22) is divided by j?
20
Suppose -2*d + 153 = 5*o, -o - 4*d + 27 = -0*d. Let j(l) = -3*l + 4. Calculate the remainder when o is divided by j(-4).
15
Suppose 66*q = 57*q. Let i be (7/2)/(3/42). Suppose -o + q*o + i = 0. Calculate the remainder when o is divided by 13.
10
Let w = -56 + 100. Suppose 223 = -d + 235. Calculate the remainder when w is divided by d.
8
Let u = -8 - -18. Suppose -4*b + 3*k = -18 - 79, 2*k = u. Suppose 124 = 4*m + b. Calculate the remainder when m is divided by 13.
11
Suppose 2*g + 15 = -5*m + 49, -39 = -3*m + 5*g. Suppose 5*z - 43 = 2. What is the remainder when 204/z - 1/(-3) is divided by m?
7
Suppose 132 = 5*l + 3*o, 15*o = 3*l + 12*o - 60. Calculate the remainder when l is divided by 9.
6
Let l be 1418/14 + 4 + 8/(-28). Suppose 5*o + v = 6*v + l, -88 = -4*o + 5*v. Calculate the remainder when 96 is divided by o.
11
Let t = -1909 - -1938. Let g(p) = -37*p + 1. Calculate the remainder when g(-3) is divided by t.
25
Suppose -213*p + 192*p + 882 = 0. What is the remainder when 204 is divided by p?
36
Suppose -31 = 4*w - n, 3*w + w + 5*n = -13. Let l = w - -11. Calculate the remainder when l is divided by 2.
0
Suppose -5*j = -147 + 27. Suppose -5*t = 2*m - 4*t - 88, m - 50 = t. Calculate the remainder when m is divided by j.
22
Let g(u) = -u**2 - 7*u - 5. Let f be g(-5). Suppose -f*a + 2*a = -96. Let s = 100 - -25. What is the remainder when s is divided by a?
29
Suppose 318*d = 327*d - 225. Calculate the remainder when d is divided by 25.
0
Let a = -729 - -746. Calculate the remainder when 49 is divided by a.
15
Let h = 20 - 17. Suppose -3 - h = -2*k. Suppose 0 = -k*i, 0 = w - 5*w - i + 108. What is the remainder when w is divided by 7?
6
Calculate the remainder when (2548/(-78))/(1 + 35/(-33)) is divided by 24.
11
Let t = 814 + -101. What is the remainder when t is divided by 55?
53
Let x = -10 + 11. Suppose z = -z + 22. Let f = -10 + z. Calculate the remainder when x is divided by f.
0
Suppose 6*i - 3*g + 17 = i, 2*g - 13 = 5*i. Let n be i*(50 + 4 + 0). Let k = -30 - n. Calculate the remainder when k is divided by 7.
3
Suppose -2*a = -0*m - 5*m - 55, 4*m = 12. Calculate the remainder when a is divided by 20.
15
What is the remainder when ((-150 - 0) + 1)*(12 + -13) is divided by 39?
32
Suppose 3*v = 9*i - 1521, 5*i + v - 5*v = 838. Calculate the remainder when i is divided by 78.
14
Calculate the remainder when 738/4 + (-81)/162 is divided by 31.
29
Suppose -3*t = s + 25, -19 - 9 = 3*t + 4*s. Let z(q) = -6*q - 12. What is the remainder when z(t) is divided by 13?
10
Let b = -16 + 21. Suppose -i - 3*i = -q - 44, b*i - 56 = q. Suppose i = v + 3*s + s, 0 = 3*v - 5*s - 53. Calculate the remainder when v is divided by 9.
7
Let i = -15 + 4. Let t = 14 + i. What is the remainder when 3 is divided by t?
0
Suppose 0 = -a + 11 - 5. Let f(q) = -3*q - 46. What is the remainder when a is divided by f(-16)?
0
Suppose 2*x = 3*c + 15, -4*x - 4 + 29 = -c. Calculate the remainder when 22 is divided by x.
4
Let k(d) = 2*d**2 - d + 17. Let c be ((-5)/1 - 0) + 17. What is the remainder when k(c) is divided by 49?
48
Suppose 201 = -65*t + 656. Let y(r) be the first derivative of r**2/2 + 26*r - 1. What is the remainder when y(0) is divided by t?
5
Let w(f) = -f**3 - 11*f**2 - 22*f - 12. Let y be (-3)/(0 - 2/(-6)). What is the remainder when 45 is divided by w(y)?
21
Suppose 3*r = 5*r - 76. Calculate the remainder when r is divided by 2 - 3 - (-11 - 3).
12
Let c(r) = 19*r + 1. Let h be c(3). Let l = h + -22. Calculate the remainder when l is divided by 14.
8
What is the remainder when ((-1323)/36)/((-18)/96) is divided by 34?
26
Suppose -82 = 8*g - 9*g. Calculate the remainder when g is divided by 1*34*(-2)/(-4).
14
Suppose -6*z - 2 = -5*z. Suppose 0 = t - 2*t + 5*h - 49, 5*t = 5*h - 345. What is the remainder when 73 is divided by z/(-4) - t/4?
16
Let j = -67 - -114. Suppose 64 = 4*z + 2*h, -3*h = 33*z - 36*z + 48. What is the remainder when j is divided by z?
15
Let b(z) = 6*z**2 + 33*z - 30. Calculate the remainder when b(4) is divided by 30.
18
Suppose 4*i + 382 = 9*z - 4*z, -5*z + 3*i = -379. Let v = z - 32. Calculate the remainder when v is divided by 22.
20
Let g = 576 - 482. What is the remainder when g is divided by 48?
46
Let q(f) = 138*f - 1. Let w be q(2). Suppose 5*z - 3*c = 502, 3*z - 2*c - w = 27. Calculate the remainder when z is divided by 25.
23
Suppose -5*n + 392 = -3*l, 8*l - 10*l - 393 = -5*n. Suppose 0*y + 14 = 4*o - y, -4*o + 4*y = -20. Let f = o + 17. What is the remainder when n is divided by f?
19
Let v be (-4 + 88/24)/(1/(-3)). Suppose 5*a = -5*p + 15, -3*p - 2*a - v + 12 = 0. Calculate the remainder when 164 is divided by p.
4
Suppose 89 = -11*u + 12*u. Suppose 0 = 2*w - u - 77. Calculate the remainder when w is divided by 21.
20
Suppose 15*l + 579 - 1434 = 0. Let m = -36 - -51. What is the remainder when l is divided by m?
12
Suppose -p + 40 = 16. What is the remainder when p is divided by (42/(-12))/(2/(-4))?
3
Let c(g) = -g**3 + 6*g**2 - 3*g - 1. Let z = -9 - -12. Let n be (-10)/z*9/(-6). What is the remainder when 23 is divided by c(n)?
5
Let v be (15/45)/(1/150). Suppose 6*m + 2*b = m + v, -4*b = m - 28. What is the remainder when 38 is divided by m?
6
Let j(y) = y**2 + 16*y - 13. Calculate the remainder when 333 is divided by j(4).
65
Let m(s) = 2*s - 33. What is the remainder when (0 - 2)/(6/(-123)) is divided by m(27)?
20
Let v = 406 - 393. What is the remainder when 32 is divided by v?
6
Let g = 303 - 188. What is the remainder when g is divided by 32?
19
Suppose 8*x - 11*x + 117 = 0. What is the remainder when x is divided by -2 - (-1)/(((-8)/(-34))/4)?
9
Suppose 251 = -3*q + w + 1778, -2*q - 5*w = -1035. What is the remainder when q is divided by 32?
30
Suppose 48*d = 19*d + 2465. What is the remainder when d is divided by 8?
5
Let z be (-8)/12*138/(-4). Let l = z + -1. What is the remainder when 65 is divided by l?
21
Calculate the remainder when 98 + (-1 - -10 - 9) is divided by 20.
18
Let q = 4 - 1. Calculate the remainder when 81 is divided by ((-14)/(-8))/(q/36).
18
Suppose 4*w + 3*h - 833 = 0, -4*h = -w - 6*h + 202. Calculate the remainder when w is divided by 43.
40
What is the remainder when ((-3)/(-6))/((-26)/(-33592)) is divided by 54?
52
Suppose -5*o - 88 = 4*z - 868, 2*o - 975 = -5*z. What is the remainder when z is divided by 18?
15
Suppose 5*o = o + 8. Suppose 32 - 8 = 5*r - o*h, 4*r - h = 21. Suppose n = r*n - 85. Calculate the remainder when n is divided by 9.
8
Calculate the remainder when 67 is divided by (-1)/(2 - 11/5)*5.
17
Suppose 0 = j + 25*z - 28*z, -2*j + z + 25 = 0. Calculate the remainder when 43 is divided by j.
13
Let p(w) = 12*w. Let u be p(-3). What is the remainder when 57 is divided by 5*((-6)/(-9))/((-10)/u)?
9
Let p be 15/(-6)*(-5)/(25/8). Suppose 5*n = -p*i + 923, 4*n - 199 = 3*n + 4*i. Calculate the remainder when n is divided by 21.
19
Suppose -690 = -12*i + 774. Calculate the remainder when i is divided by 33.
23
Let h(k) = -k**2 - 5*k + 9. Let g be h(-6). Suppose 15 = g*r - 33. Calculate the remainder when 75 is divided by r.
11
Let q(c) = -c**3 - 15*c**2 + 74*c - 28. What is the remainder when 48 is divided by q(-19)?
8
Suppose 9 = l + 2*o, -4*l - 3*o + 15 + 41 = 0. Let y = -69 + 69. Calculate the remainder when ((-1)/2 + y)*-132 is divided by l.
15
What is the remainder when 155 is divided by (-1 + -53)*(-10)/10?
47
Let l(j) = j**3 + j**2 + j + 6. Let a = 7 - 4. Let i(c) = -c - 1. Let r(z) = a*i(z) + l(z). What is the remainder when 41 is divided by r(2)?
8
Suppose 3*v - 6*v + 45 = 0. Let j = 2 + 1. What is the remainder when -1*(-59 + (3 - j)) is divided by v?
14
Suppose -15*r + 132 = -9*r. Let c be 18/(0 - 9/(-6)). Let w = c - 0. Calculate the remainder when r is divided by w.
10
Let b be (8/(-16))/((-1)/(-2)) + 42. Suppose 6*p - b = 1. What is the remainder when 18 is divided by p?
4
Let f = 4591 - 3204. What is the remainder when f is divided by 139?
1